33314
In base 2, what is -101011011001111 - -100100?
-101011010101011
In base 4, what is 100303 - -300001?
1000310
In base 15, what is -358 + dc?
-26b
In base 16, what is -1 + -88e3d?
-88e3e
In base 3, what is -1 - -202100012110?
202100012102
In base 5, what is -142440022 - -1?
-142440021
In base 4, what is -20211021 - 11?
-20211032
In base 14, what is -7637 + 1?
-7636
In base 12, what is 70 - 257a3?
-25733
In base 11, what is -1a354 - -20?
-1a334
In base 8, what is -250 + 75?
-153
In base 15, what is 634 + -68?
5bb
In base 15, what is 6748 - -2?
674a
In base 16, what is 1c6 - -d?
1d3
In base 8, what is 3774 + 37?
4033
In base 3, what is 1 + -111021120110?
-111021120102
In base 15, what is -b5 + ba?
5
In base 8, what is -3500 - -504?
-2774
In base 2, what is -1001 - 11101010100101?
-11101010101110
In base 11, what is -8543 + 166?
-8388
In base 2, what is -10111011100110 - -110?
-10111011100000
In base 15, what is 7 - c8d?
-c86
In base 4, what is 3 + 11120111?
11120120
In base 4, what is -122030320 - 23?
-122031003
In base 11, what is 115 - 526?
-411
In base 4, what is -1133231 - -131?
-1133100
In base 13, what is -204 - 14?
-218
In base 11, what is 20651 - -2?
20653
In base 11, what is -1856 + 3?
-1853
In base 9, what is -71768 + -5?
-71774
In base 4, what is 2223 + -20?
2203
In base 5, what is 440 - -12?
1002
In base 3, what is 2 - 202021212100?
-202021212021
In base 6, what is -13 - 34?
-51
In base 12, what is -29a - -ab?
-1ab
In base 10, what is 287640 - 0?
287640
In base 9, what is -1672 - 144?
-1826
In base 12, what is -280 - 1a1?
-461
In base 13, what is 3 + 71bc?
71c2
In base 3, what is -1212111 - -20?
-1212021
In base 6, what is -110250545 - 2?
-110250551
In base 14, what is 221c + 26?
2244
In base 4, what is 221201002 + -30?
221200312
In base 6, what is 24 + 125355?
125423
In base 12, what is -43b3 - -6?
-43a9
In base 5, what is -1 - 40211?
-40212
In base 5, what is 10 + -113202?
-113142
In base 9, what is 31487 + 158?
31656
In base 11, what is 17 - 17246?
-1722a
In base 8, what is -1765 - 6567?
-10554
In base 9, what is 830178 + -2?
830176
In base 5, what is 34000 - 201?
33244
In base 15, what is 3b6 - -8d?
454
In base 16, what is -e3 + -118f?
-1272
In base 2, what is 10000010110 - 10100101?
1101110001
In base 9, what is -7 - -46211?
46203
In base 8, what is -215150 + 4?
-215144
In base 4, what is 1112312 - -21223?
1200201
In base 13, what is 54310 + 6?
54316
In base 8, what is -1 - -255?
254
In base 8, what is -1501 - 40?
-1541
In base 3, what is 101020110 + -21?
101020012
In base 14, what is -2 + -255dd?
-25601
In base 5, what is -4 - 14020434?
-14020443
In base 13, what is -3b3 - -21cc?
1b19
In base 2, what is -10000000101 + 100010001?
-1011110100
In base 10, what is 1130 + 275?
1405
In base 10, what is -19 - 168?
-187
In base 2, what is -101001011 - -11011010?
-1110001
In base 11, what is 5 + 5632?
5637
In base 6, what is 3433350 + 1?
3433351
In base 6, what is -4 - 134253?
-134301
In base 5, what is 11440 - 422?
11013
In base 6, what is 353 - 3313?
-2520
In base 16, what is -10f703 + 3?
-10f700
In base 15, what is -3 + 410?
40c
In base 12, what is 301 - -4a5?
7a6
In base 13, what is c9 + 246?
342
In base 8, what is -2 + 540425?
540423
In base 7, what is -16460 - -3?
-16454
In base 12, what is 340 + 434?
774
In base 16, what is -4 - -253c3?
253bf
In base 14, what is 2 + 134b?
134d
In base 8, what is 33 - -221?
254
In base 3, what is -20020 + -20001121?
-20021211
In base 12, what is 3 + -2aa5?
-2aa2
In base 15, what is -d9c7 - -a?
-d9bc
In base 7, what is 2210051 + 0?
2210051
In base 12, what is -13a3 + 20?
-1383
In base 11, what is 26a - 44?
226
In base 14, what is -35 + 4d51?
4d1a
In base 13, what is -2 + -1b7a6a?
-1b7a6c
In base 4, what is 310 + 111?
1021
In base 12, what is 2bb22 + 0?
2bb22
In base 11, what is -23914 + 37?
-23888
In base 11, what is 2 + -8277?
-8275
In base 2, what is 1010001111011 + -11?
1010001111000
In base 6, what is 155 - 22352?
-22153
In base 5, what is 1 + -123301040?
-123301034
In base 14, what is -2 + 3731?
372d
In base 3, what is 122020211 + 0?
122020211
In base 6, what is -3130 + -11301?
-14431
In base 11, what is -185a7 + 12?
-18595
In base 9, what is -12 + -186762?
-186774
In base 15, what is 1 - -11b?
11c
In base 14, what is -2 + 3a3ab?
3a3a9
In base 8, what is 3 - -60173?
60176
In base 3, what is 2101012211 + 11?
2101012222
In base 2, what is -111 + 111001110000011000?
111001110000010001
In base 9, what is 2 - 452646?
-452644
In base 11, what is -778a + -149?
-7928
In base 6, what is 5230 - 535?
4251
In base 14, what is 5 + -2caa?
-2ca5
In base 13, what is -a756 + 5?
-a751
In base 10, what is 5 - -12458?
12463
In base 3, what is 20001200110100 - 0?
20001200110100
In base 14, what is 139430 - 2?
13942c
In base 7, what is -2 - -52604?
52602
In base 7, what is -100 - 12434?
-12534
In base 5, what is -20011 + 3131?
-11330
In base 16, what is 3 + 35886?
35889
In base 16, what is -2b69f - 10?
-2b6af
In base 9, what is -72 + -6820?
-7002
In base 14, what is -4 - -c23d?
c239
In base 10, what is -2 + 13123?
13121
In base 8, what is -5265 + -57?
-5344
In base 14, what is -44 + ab5?
a71
In base 5, what is -4 - 431424?
-431433
In base 12, what is 3 + 993?
996
In base 5, what is 4 + 3410333?
3410342
In base 5, what is -11444 + -204?
-12203
In base 11, what is -9 - 30a35?
-30a43
In base 12, what is -a378 - -ba?
-a27a
In base 2, what is 100 - -11100001101110101?
11100001101111001
In base 10, what is -1 + -697276?
-697277
In base 8, what is -26666 - -33?
-26633
In base 3, what is -22120 + -2021?
-101211
In base 2, what is 10111100 - -10010100?
101010000
In base 3, what is 10100201 - 110?
10100021
In base 12, what is -981 - -1b?
-962
In base 13, what is 1aa67 + 31?
1aa98
In base 15, what is -49 - -b3?
69
In base 5, what is 3 + -20001312?
-20001304
In base 8, what is -4 + -3057144?
-3057150
In base 16, what is -bf - -5d5?
516
In base 7, what is 40522 - 154?
40335
In base 2, what is 101011011010101011 + 0?
101011011010101011
In base 4, what is -131101311 - 3?
-131101320
In base 10, what is 1 - -244731?
244732
In base 6, what is -43453 - 14?
-43511
In base 15, what is -a3c3 - 1?
-a3c4
In base 8, what is 4 + -116237?
-116233
In base 3, what is 2121112022 - 11?
2121112011
In base 14, what is -ad18 - -1?
-ad17
In base 11, what is -14763 - -19?
-14745
In base 4, what is -30 + 1002111?
1002021
In base 5, what is 40200 + -4?
40141
In base 13, what is -6774 + 6a?
-6707
In base 3, what is 122212 + 2100011?
10000000
In base 15, what is -6274 + -4?
-6278
In base 7, what is 61 - 15130?
-15036
In base 8, what is 12 - -2370?
2402
In base 16, what is -5b3c - 1?
-5b3d
In base 5, what is 2 - 343303?
-343301
In base 7, what is -16604 - -36?
-16535
In base 4, what is 21 + 11111321?
11112002
In base 16, what is c - 6d6?
-6ca
In base 2, what is -10101 + -110011000000?
-110011010101
In base 8, what is 40060 + -4?
40054
In base 8, what is 12020 + -5?
12013
In base 11, what is -7 + 155?
149
In base 5, what is 3 - 3201?
-3143
In base 16, what is 1101 - -1f?
1120
In base 14, what is -1015 + -45?
-105a
In base 4, what is -2302023 + -11?
-2302100
In base 8, what is -1 - 37220?
-37221
In base 3, what is 11002 - 1120021?
-1102012
In base 3, what is -222001021211 + -12?
-222001022000
In base 7, what is 11643 + -33?
11610
In base 6, what is 1 + -121123?
-121122
In base 10, what is 4936 + -3?
4933
In base 6, what is -254345 - -22?
-254323
In base 4, what is 1102031 - 12?
1102013
In base 15, what is 6d8 - 9a?
63d
In base 10, what is -3295 + -5?
-3300
In base 8, what is -2463 - -176?
-2265
In base 9, what is 525 + -1634?
-1108
In base 7, what is 15 + 552443?
552461
In base 11, what is -2 - 23402?
-23404
In base 15, what is 1a47 + e?
1a56
In base 13, what is 5 - -3131?
3136
In base 3, what is 0 - -2121111001202?
2121111001202
In base 2, what is -1111010001110001111 + 10?
-1111010001110001101
In base 11, what is 59 - -6429?
6487
In base 15, what is 38 + 5100?
5138
In base 13, what is 0 + -c27?
-c27
In base 13, what is -996 + 1?
-995
In base 4, what is -211102103 + 0?
-211102103
In base 4, what is 32202 - -22?
32230
In base 12, what is -14 + -9344?
-9358
In base 5, what is -13231 + -220?
-14001
In base 4, what is -332 + -2112?
-3110
In base 15, w